{"id":16,"date":"2026-01-20T11:07:14","date_gmt":"2026-01-20T11:07:14","guid":{"rendered":"https:\/\/great-liskov.89-22-114-40.plesk.page\/?page_id=16"},"modified":"2026-01-25T13:27:13","modified_gmt":"2026-01-25T13:27:13","slug":"kosten","status":"publish","type":"page","link":"https:\/\/great-liskov.89-22-114-40.plesk.page\/index.php\/kosten\/","title":{"rendered":"Kosten"},"content":{"rendered":"<p>[et_pb_section fb_built=&#8220;1&#8243; fullwidth=&#8220;on&#8220; _builder_version=&#8220;4.27.5&#8243; _module_preset=&#8220;default&#8220; global_colors_info=&#8220;{}&#8220;][et_pb_fullwidth_image src=&#8220;https:\/\/great-liskov.89-22-114-40.plesk.page\/wp-content\/uploads\/2026\/01\/hero-bg.jpg&#8220; title_text=&#8220;hero-bg&#8220; _builder_version=&#8220;4.27.5&#8243; _module_preset=&#8220;default&#8220; global_colors_info=&#8220;{}&#8220;][\/et_pb_fullwidth_image][\/et_pb_section][et_pb_section fb_built=&#8220;1&#8243; _builder_version=&#8220;4.27.5&#8243; _module_preset=&#8220;default&#8220; custom_padding=&#8220;6px||0px|||&#8220; global_colors_info=&#8220;{}&#8220;][et_pb_row _builder_version=&#8220;4.27.5&#8243; _module_preset=&#8220;default&#8220; global_colors_info=&#8220;{}&#8220;][et_pb_column type=&#8220;4_4&#8243; _builder_version=&#8220;4.27.5&#8243; _module_preset=&#8220;default&#8220; global_colors_info=&#8220;{}&#8220;][et_pb_text _builder_version=&#8220;4.27.5&#8243; _module_preset=&#8220;default&#8220; text_font=&#8220;Arial|700|||||||&#8220; text_font_size=&#8220;52px&#8220; text_letter_spacing=&#8220;2px&#8220; hover_enabled=&#8220;0&#8243; inline_fonts=&#8220;Arial&#8220; global_colors_info=&#8220;{}&#8220; text_text_color=&#8220;#476a88&#8243; sticky_enabled=&#8220;0&#8243;]<\/p>\n<p class=\"h1\" style=\"text-align: center;\"><span style=\"font-family: Arial;\">Kosten<\/span><\/p>\n<p>[\/et_pb_text][et_pb_text _builder_version=&#8220;4.27.5&#8243; _module_preset=&#8220;default&#8220; text_font=&#8220;Arial|600|||||||&#8220; text_font_size=&#8220;24px&#8220; text_orientation=&#8220;center&#8220; global_colors_info=&#8220;{}&#8220;]<\/p>\n<h2 class=\"h2\">Geb\u00fchrenerhebung. Soziales Geb\u00fchrensystem.<br \/>Beratung inklusive. G\u00fcnstig.<\/h2>\n<p>[\/et_pb_text][\/et_pb_column][\/et_pb_row][\/et_pb_section][et_pb_section fb_built=&#8220;1&#8243; _builder_version=&#8220;4.27.5&#8243; _module_preset=&#8220;default&#8220; custom_padding=&#8220;0px|||||&#8220; global_colors_info=&#8220;{}&#8220;][et_pb_row column_structure=&#8220;1_2,1_2&#8243; _builder_version=&#8220;4.27.5&#8243; _module_preset=&#8220;default&#8220; global_colors_info=&#8220;{}&#8220;][et_pb_column type=&#8220;1_2&#8243; _builder_version=&#8220;4.27.5&#8243; _module_preset=&#8220;default&#8220; global_colors_info=&#8220;{}&#8220;][et_pb_text _builder_version=&#8220;4.27.5&#8243; _module_preset=&#8220;default&#8220; background_color=&#8220;#f7f7f7&#8243; height=&#8220;260px&#8220; border_width_all=&#8220;35px&#8220; border_color_all=&#8220;#f7f7f7&#8243; global_colors_info=&#8220;{}&#8220;]<\/p>\n<h3 class=\"h3\">Geb\u00fchrenerhebung<\/h3>\n<p>Die Notarinnen und Notare sind nach \u00a7 17 Abs. 1 Satz 1 der Bundesnotarordnung verpflichtet, f\u00fcr ihre T\u00e4tigkeit die im Gerichts- und Notarkostengesetz (GNotKG) gesetzlich vorgeschriebenen Geb\u00fchren und Auslagen zu erheben \u2013 nicht mehr und nicht weniger. Geb\u00fchrenvereinbarungen jeder Art sind unzul\u00e4ssig. Regelm\u00e4\u00dfige Gesch\u00e4ftspr\u00fcfungen durch den Pr\u00e4sidenten des Landgerichts bzw. die Notarkasse erstrecken sich auch auf die ordnungsgem\u00e4\u00dfe Geb\u00fchrenerhebung und Kostenvollstreckung, falls erforderlich.<\/p>\n<p>[\/et_pb_text][\/et_pb_column][et_pb_column type=&#8220;1_2&#8243; _builder_version=&#8220;4.27.5&#8243; _module_preset=&#8220;default&#8220; global_colors_info=&#8220;{}&#8220;][et_pb_text _builder_version=&#8220;4.27.5&#8243; _module_preset=&#8220;default&#8220; background_color=&#8220;#f7f7f7&#8243; height=&#8220;260px&#8220; border_width_all=&#8220;33px&#8220; border_color_all=&#8220;#f7f7f7&#8243; global_colors_info=&#8220;{}&#8220;]<\/p>\n<h3 class=\"h3\">Soziales Geb\u00fchrensystem<\/h3>\n<p>Das Geb\u00fchrensystem des GNotKG ist sorgf\u00e4ltig austariert. Es f\u00fchrt auch dazu, dass wir Notare viele Amtst\u00e4tigkeiten ohne eine kostendeckende Geb\u00fchr durchf\u00fchren. Dadurch wird gew\u00e4hrleistet, dass jedermann notarielle Beratung und Vertragsgestaltung in Anspruch nehmen kann, unabh\u00e4ngig von Verm\u00f6gen oder Wert des Gesch\u00e4fts. Das Notarkostenrecht stellt n\u00e4mlich ein besonders soziales Wert-Geb\u00fchrensystem auf, das jedermann den Zugang zu notariellen Amtst\u00e4tigkeiten erm\u00f6glicht.<\/p>\n<p>[\/et_pb_text][\/et_pb_column][\/et_pb_row][et_pb_row column_structure=&#8220;1_2,1_2&#8243; _builder_version=&#8220;4.27.5&#8243; _module_preset=&#8220;default&#8220; global_colors_info=&#8220;{}&#8220;][et_pb_column type=&#8220;1_2&#8243; _builder_version=&#8220;4.27.5&#8243; _module_preset=&#8220;default&#8220; global_colors_info=&#8220;{}&#8220;][et_pb_text _builder_version=&#8220;4.27.5&#8243; _module_preset=&#8220;default&#8220; background_color=&#8220;#f7f7f7&#8243; height=&#8220;260px&#8220; border_width_all=&#8220;33px&#8220; border_color_all=&#8220;#f7f7f7&#8243; global_colors_info=&#8220;{}&#8220;]<\/p>\n<h3 class=\"h3\">Beratung inklusive<\/h3>\n<p>Das notarielle Kostenrecht hat einen weiteren Vorteil f\u00fcr Sie als B\u00fcrgerin oder B\u00fcrger: Unsere Beratung einschlie\u00dflich der Entwurfst\u00e4tigkeit ist in der Beurkundungsgeb\u00fchr enthalten, unabh\u00e4ngig von der Schwierigkeit, dem Aufwand oder der Anzahl der Besprechungstermine.<\/p>\n<p>[\/et_pb_text][\/et_pb_column][et_pb_column type=&#8220;1_2&#8243; _builder_version=&#8220;4.27.5&#8243; _module_preset=&#8220;default&#8220; global_colors_info=&#8220;{}&#8220;][et_pb_text _builder_version=&#8220;4.27.5&#8243; _module_preset=&#8220;default&#8220; background_color=&#8220;#f7f7f7&#8243; height=&#8220;260px&#8220; border_width_all=&#8220;33px&#8220; border_color_all=&#8220;#f7f7f7&#8243; global_colors_info=&#8220;{}&#8220;]<\/p>\n<h3 class=\"h3\">G\u00fcnstig<\/h3>\n<p>Eine Harvard-Studie aus dem Jahr 2007 zur Kostenstruktur, Qualit\u00e4t und Effizienz typischer Grundst\u00fcckstransaktionen in Deutschland, Frankreich, England, Schweden, Estland und den Vereinigten Staaten hat ergeben: Wir Notarinnen und Notare in Deutschland gew\u00e4hrleisten nicht nur in hohem Ma\u00dfe Rechtssicherheit, sondern sind im internationalen Vergleich auch sehr g\u00fcnstig.Weiterf\u00fchrende Informationen und konkrete Berechnungsbeispiele finden Sie auf den Seiten der<span>\u00a0<\/span><a href=\"http:\/\/www.bnotk.de\/Buergerservice\/Notarkosten\/index.php\" target=\"_blank\" rel=\"noopener\">Bundesnotarkammer<\/a>.<\/p>\n<p>[\/et_pb_text][\/et_pb_column][\/et_pb_row][\/et_pb_section]<\/p>\n","protected":false},"excerpt":{"rendered":"<p>KostenGeb\u00fchrenerhebung. Soziales Geb\u00fchrensystem.Beratung inklusive. G\u00fcnstig.Geb\u00fchrenerhebung Die Notarinnen und Notare sind nach \u00a7 17 Abs. 1 Satz 1 der Bundesnotarordnung verpflichtet, f\u00fcr ihre T\u00e4tigkeit die im Gerichts- und Notarkostengesetz (GNotKG) gesetzlich vorgeschriebenen Geb\u00fchren und Auslagen zu erheben \u2013 nicht mehr und nicht weniger. Geb\u00fchrenvereinbarungen jeder Art sind unzul\u00e4ssig. Regelm\u00e4\u00dfige Gesch\u00e4ftspr\u00fcfungen durch den Pr\u00e4sidenten des Landgerichts bzw. [&hellip;]<\/p>\n","protected":false},"author":1,"featured_media":0,"parent":0,"menu_order":0,"comment_status":"closed","ping_status":"closed","template":"","meta":{"_et_pb_use_builder":"on","_et_pb_old_content":"","_et_gb_content_width":"","footnotes":""},"class_list":["post-16","page","type-page","status-publish","hentry"],"_links":{"self":[{"href":"https:\/\/great-liskov.89-22-114-40.plesk.page\/index.php\/wp-json\/wp\/v2\/pages\/16","targetHints":{"allow":["GET"]}}],"collection":[{"href":"https:\/\/great-liskov.89-22-114-40.plesk.page\/index.php\/wp-json\/wp\/v2\/pages"}],"about":[{"href":"https:\/\/great-liskov.89-22-114-40.plesk.page\/index.php\/wp-json\/wp\/v2\/types\/page"}],"author":[{"embeddable":true,"href":"https:\/\/great-liskov.89-22-114-40.plesk.page\/index.php\/wp-json\/wp\/v2\/users\/1"}],"replies":[{"embeddable":true,"href":"https:\/\/great-liskov.89-22-114-40.plesk.page\/index.php\/wp-json\/wp\/v2\/comments?post=16"}],"version-history":[{"count":6,"href":"https:\/\/great-liskov.89-22-114-40.plesk.page\/index.php\/wp-json\/wp\/v2\/pages\/16\/revisions"}],"predecessor-version":[{"id":132,"href":"https:\/\/great-liskov.89-22-114-40.plesk.page\/index.php\/wp-json\/wp\/v2\/pages\/16\/revisions\/132"}],"wp:attachment":[{"href":"https:\/\/great-liskov.89-22-114-40.plesk.page\/index.php\/wp-json\/wp\/v2\/media?parent=16"}],"curies":[{"name":"wp","href":"https:\/\/api.w.org\/{rel}","templated":true}]}}