{"id":73,"date":"2026-01-20T13:32:52","date_gmt":"2026-01-20T13:32:52","guid":{"rendered":"https:\/\/great-liskov.89-22-114-40.plesk.page\/?page_id=73"},"modified":"2026-03-10T12:02:35","modified_gmt":"2026-03-10T12:02:35","slug":"notare","status":"publish","type":"page","link":"https:\/\/great-liskov.89-22-114-40.plesk.page\/index.php\/notare\/","title":{"rendered":"Notare"},"content":{"rendered":"<p>[et_pb_section fb_built=&#8220;1&#8243; fullwidth=&#8220;on&#8220; _builder_version=&#8220;4.27.5&#8243; _module_preset=&#8220;default&#8220; global_colors_info=&#8220;{}&#8220;][et_pb_fullwidth_image src=&#8220;https:\/\/great-liskov.89-22-114-40.plesk.page\/wp-content\/uploads\/2026\/01\/hero-bg.jpg&#8220; title_text=&#8220;hero-bg&#8220; _builder_version=&#8220;4.27.5&#8243; _module_preset=&#8220;default&#8220; global_colors_info=&#8220;{}&#8220;][\/et_pb_fullwidth_image][\/et_pb_section][et_pb_section fb_built=&#8220;1&#8243; _builder_version=&#8220;4.27.5&#8243; _module_preset=&#8220;default&#8220; custom_padding=&#8220;||0px|||&#8220; global_colors_info=&#8220;{}&#8220;][et_pb_row _builder_version=&#8220;4.27.5&#8243; _module_preset=&#8220;default&#8220; global_colors_info=&#8220;{}&#8220;][et_pb_column type=&#8220;4_4&#8243; _builder_version=&#8220;4.27.5&#8243; _module_preset=&#8220;default&#8220; global_colors_info=&#8220;{}&#8220;][et_pb_text _builder_version=&#8220;4.27.5&#8243; _module_preset=&#8220;default&#8220; text_font=&#8220;Arial|700|||||||&#8220; text_text_color=&#8220;#476a88&#8243; text_font_size=&#8220;52px&#8220; text_letter_spacing=&#8220;2px&#8220; inline_fonts=&#8220;Arial&#8220; global_colors_info=&#8220;{}&#8220;]<\/p>\n<p class=\"h1\" style=\"text-align: center;\"><span style=\"font-family: Arial;\">Notare<\/span><\/p>\n<p>[\/et_pb_text][et_pb_text _builder_version=&#8220;4.27.5&#8243; _module_preset=&#8220;default&#8220; text_font=&#8220;Arial|600|||||||&#8220; text_font_size=&#8220;24px&#8220; text_orientation=&#8220;center&#8220; global_colors_info=&#8220;{}&#8220;]<\/p>\n<p>Ulbrich &amp; Pogorzelski<\/p>\n<p>[\/et_pb_text][\/et_pb_column][\/et_pb_row][\/et_pb_section][et_pb_section fb_built=&#8220;1&#8243; _builder_version=&#8220;4.27.5&#8243; _module_preset=&#8220;default&#8220; global_colors_info=&#8220;{}&#8220;][et_pb_row column_structure=&#8220;1_2,1_2&#8243; _builder_version=&#8220;4.27.5&#8243; _module_preset=&#8220;default&#8220; global_colors_info=&#8220;{}&#8220;][et_pb_column type=&#8220;1_2&#8243; _builder_version=&#8220;4.27.5&#8243; _module_preset=&#8220;default&#8220; global_colors_info=&#8220;{}&#8220;][et_pb_text _builder_version=&#8220;4.27.5&#8243; _module_preset=&#8220;default&#8220; global_colors_info=&#8220;{}&#8220;]<\/p>\n<h2 class=\"h2\">Claus Ulbrich<\/h2>\n<p>verheiratet, zwei Kinder<\/p>\n<ul class=\"list\">\n<li><strong>1964<\/strong><span>\u00a0<\/span>\u2013 geboren in K\u00f6ln-Lindenthal<\/li>\n<li><strong>1983<span>\u00a0<\/span><\/strong>\u2013<strong><span>\u00a0<\/span><\/strong>Abitur in Bensberg<\/li>\n<li><strong>1990<\/strong><span>\u00a0<\/span>\u2013 Erstes Staatsexamen, K\u00f6ln<\/li>\n<li><strong>1993<\/strong><span>\u00a0<\/span>\u2013 Zweites Staatsexamen, K\u00f6ln<\/li>\n<li><strong>1993-1996<\/strong><span>\u00a0<\/span>\u2013 Notarassessor bei der Rheinischen Notarkammer<\/li>\n<li><strong>1996<\/strong><span>\u00a0<\/span>\u2013 ab dem 24. September 1996 Notariatsverwalter anstelle des Notars Dr. Rolf Petzoldt in Solingen<\/li>\n<li><strong>1996<\/strong><span>\u00a0<\/span>\u2013 ab dem 16. Dezember 1996 Notar in Solingen als Amtsnachfolger des Notars Dr. Rolf Petzoldt<\/li>\n<\/ul>\n<p>Herr Notar Claus Ulbrich verwahrt die Urkunden der Notare Rolf Rudolf Langenbruch (1956-1976) und Dr. Rolf Petzoldt (1976-1996).<\/p>\n<p>[\/et_pb_text][\/et_pb_column][et_pb_column type=&#8220;1_2&#8243; _builder_version=&#8220;4.27.5&#8243; _module_preset=&#8220;default&#8220; global_colors_info=&#8220;{}&#8220;][et_pb_text _builder_version=&#8220;4.27.6&#8243; _module_preset=&#8220;default&#8220; hover_enabled=&#8220;0&#8243; global_colors_info=&#8220;{}&#8220; sticky_enabled=&#8220;0&#8243;]<\/p>\n<h2 class=\"h2\">Mikolaj Pogorzelski, LL.M. (Harvard)<\/h2>\n<p>verheiratet, vier Kinder<\/p>\n<ul class=\"list\">\n<li><strong>1982<\/strong><span>\u00a0<\/span>\u2013 geboren in Krakau (Polen)<\/li>\n<li><strong>2000<\/strong><span>\u00a0<\/span>\u2013 High School-Abschluss, New Lisbon, WI (USA)<\/li>\n<li><strong>2002<\/strong><span>\u00a0<\/span>\u2013 Abitur, Heidenheim an der Brenz<\/li>\n<li><strong>2007<\/strong><span>\u00a0<\/span>\u2013 Erstes Staatsexamen, Freiburg i.Br.<\/li>\n<li><strong>2007<\/strong><span>\u00a0<\/span>\u2013 Abschluss der Zusatzausbildung \u201eEurop\u00e4isches, Internationales und Ausl\u00e4ndisches Recht\u201c an der Albert-Ludwigs-Universit\u00e4t Freiburg i.Br.<\/li>\n<li><strong>2007<\/strong><span>\u00a0<\/span>\u2013 Abschluss der Schule des Polnischen Rechts, Jagiellonen-Universit\u00e4t Krakau (Polen)<\/li>\n<li><strong>2009<\/strong><span>\u00a0<\/span>\u2013 Zweites Staatsexamen, Freiburg i.Br.<\/li>\n<li><strong>2010<\/strong><span>\u00a0<\/span>\u2013 Master of Laws (LL.M.) an der Harvard Law School, Cambridge, MA (USA)<\/li>\n<li><strong>2010\u20132015<\/strong><span>\u00a0<\/span>\u2013 Rechtsanwalt bei Hengeler Mueller, D\u00fcsseldorf (Gesellschaftsrecht, M&amp;A)<\/li>\n<li><strong>2015<\/strong><span>\u00a0<\/span>\u2013 Executive Diploma der Universit\u00e4t St. Gallen (Schweiz) in Recht und Management<\/li>\n<li><strong>2015\u20132020<\/strong><span>\u00a0<\/span>\u2013 Notarassessor bei der Rheinischen Notarkammer<\/li>\n<li><strong>2017<\/strong><span>\u00a0<\/span>\u2013 Referent am Deutschen Notarinstitut (DNotI) in W\u00fcrzburg in den Referaten Immobilienrecht, Handels- und Gesellschaftsrecht und Internationales Privatrecht<\/li>\n<li><strong>2019\u20132020<\/strong><span>\u00a0<\/span>\u2013 Notariatsverwalter anstelle des Notars Dr. Alexander V\u00f6lzmann in Wuppertal-Elberfeld<\/li>\n<li><strong>2020<\/strong><span>\u00a0<\/span>\u2013 ab dem 1. April 2020 Notar in Solingen als Amtsnachfolger des Notars Wolfram Manstein<\/li>\n<\/ul>\n<p><strong>Fremdsprachen:<\/strong><span>\u00a0<\/span>Englisch, Polnisch<\/p>\n<p>Herr Notar Mikolaj Pogorzelski ist Autor zahlreicher Fachver\u00f6ffentlichungen mit Schwerpunkten im Gesellschaftsrecht sowie Familien- und Erbrecht. Besonders hervorzuheben sind:<\/p>\n<p>&nbsp;<\/p>\n<ul>\n<li>Co-Autor zur Auslandsber\u00fchrung im Beck\u2019schen Notarhandbuch, herausgegeben von Heckschen\/Herrler\/M\u00fcnch, 8. Auflage 2024<\/li>\n<li>Co-Autor zum Aktienrecht im \u201eNotarhandbuch Gesellschafts- und Unternehmensrecht\u201c, herausgegeben von Hauschild\/Kallrath\/Wachter, 3. Auflage 2022<\/li>\n<li>\u00a7 8 (Trennungs- und Scheidungsvereinbarungen) [\u2026] 4. Auflage 2023 (S. 529-633 und S. 1462-1479)<\/li>\n<li>Seit 2016 Autor diverser kommentierter Formulierungsmuster zum Recht der Aktiengesellschaft und der GmbH, in: Weise\/Krau\u00df, Beck\u2019sche Online-Formulare Vertrag.<\/li>\n<li>\u201eAuswirkungen von Abfindungsbeschr\u00e4nkungen f\u00fcr den Fall des Todes des Gesellschafters einer Personengesellschaft auf Pflichtteils- und Zugewinnausgleichsanspr\u00fcche\u201c, zweiteiliger Beitrag in der RNotZ 2017, S. 489-508 und S. 577-587.<\/li>\n<li>Diverse Urteilsanmerkungen und Rezensionen in der \u201eRNotZ\u201c und im \u201enotar\u201c.<\/li>\n<\/ul>\n<p>Herr Notar Mikolaj Pogorzelski verwahrt die Urkunden der Notare Dr. Karl-Otto Haarhaus (1961-1996) und Wolfram Manstein (1996-2020) sowie die Erbvertr\u00e4ge der Notare Reinhard Rathscheck (1920-1952) und Eugen Laux (1952-1955).<\/p>\n<p>[\/et_pb_text][\/et_pb_column][\/et_pb_row][\/et_pb_section]<\/p>\n","protected":false},"excerpt":{"rendered":"<p>NotareUlbrich &amp; PogorzelskiClaus Ulbrich verheiratet, zwei Kinder 1964\u00a0\u2013 geboren in K\u00f6ln-Lindenthal 1983\u00a0\u2013\u00a0Abitur in Bensberg 1990\u00a0\u2013 Erstes Staatsexamen, K\u00f6ln 1993\u00a0\u2013 Zweites Staatsexamen, K\u00f6ln 1993-1996\u00a0\u2013 Notarassessor bei der Rheinischen Notarkammer 1996\u00a0\u2013 ab dem 24. September 1996 Notariatsverwalter anstelle des Notars Dr. Rolf Petzoldt in Solingen 1996\u00a0\u2013 ab dem 16. Dezember 1996 Notar in Solingen als Amtsnachfolger des [&hellip;]<\/p>\n","protected":false},"author":1,"featured_media":0,"parent":0,"menu_order":0,"comment_status":"closed","ping_status":"closed","template":"","meta":{"_et_pb_use_builder":"on","_et_pb_old_content":"","_et_gb_content_width":"","footnotes":""},"class_list":["post-73","page","type-page","status-publish","hentry"],"_links":{"self":[{"href":"https:\/\/great-liskov.89-22-114-40.plesk.page\/index.php\/wp-json\/wp\/v2\/pages\/73","targetHints":{"allow":["GET"]}}],"collection":[{"href":"https:\/\/great-liskov.89-22-114-40.plesk.page\/index.php\/wp-json\/wp\/v2\/pages"}],"about":[{"href":"https:\/\/great-liskov.89-22-114-40.plesk.page\/index.php\/wp-json\/wp\/v2\/types\/page"}],"author":[{"embeddable":true,"href":"https:\/\/great-liskov.89-22-114-40.plesk.page\/index.php\/wp-json\/wp\/v2\/users\/1"}],"replies":[{"embeddable":true,"href":"https:\/\/great-liskov.89-22-114-40.plesk.page\/index.php\/wp-json\/wp\/v2\/comments?post=73"}],"version-history":[{"count":7,"href":"https:\/\/great-liskov.89-22-114-40.plesk.page\/index.php\/wp-json\/wp\/v2\/pages\/73\/revisions"}],"predecessor-version":[{"id":268,"href":"https:\/\/great-liskov.89-22-114-40.plesk.page\/index.php\/wp-json\/wp\/v2\/pages\/73\/revisions\/268"}],"wp:attachment":[{"href":"https:\/\/great-liskov.89-22-114-40.plesk.page\/index.php\/wp-json\/wp\/v2\/media?parent=73"}],"curies":[{"name":"wp","href":"https:\/\/api.w.org\/{rel}","templated":true}]}}